he prime factors of b.
61
Let z = 107 - 48. Suppose -w = -3*w + r + 115, r = -w + z. What are the prime factors of w?
2, 29
List the prime factors of (-2)/(-10) + (-334)/(-5).
67
Suppose -2*x - x = -513. Let k = -101 + x. List the prime factors of k.
2, 5, 7
Let r = 26 - 23. Let x be (r + 1 + -5)*11. Let q = -6 - x. What are the prime factors of q?
5
Let w be 15/(-35) + 59/7. Suppose -3*b - b = -w. Suppose -4*m - 88 = -3*u - 2*m, b*m + 4 = 0. List the prime factors of u.
2, 7
Let g(n) = 6*n**2 - 12*n + n**3 - 15*n**2 + 12 - 12*n + 2*n**2. What are the prime factors of g(10)?
2, 3
Let f(t) = t. Let z be f(2). Suppose -3*m - 7 = z*v, -v - 5*m - 1 = -6*m. List the prime factors of 38/4 - v/4.
2, 5
Let a(q) = 12*q**3 - 4*q**2 - 3*q - 4. Let y be 7/(-2) + 2/(-4). Let v be a(y). List the prime factors of v/(-48) - 1/6.
17
Let o(m) = -3*m - 1. Let c be o(-1). Let i be 7/((-49)/21) + 3. Suppose 4*z + c*j + i = 10, -4*j - 10 = 2*z. What are the prime factors of z?
5
Suppose 4*d - 198 = 2*d - 4*u, -4*u = -d + 99. Suppose -d = -5*q + 66. List the prime factors of q.
3, 11
Let r(a) = -a**2 - 10*a. Let v(d) = 2*d - 6. Let h be v(0). Let p = -11 - h. What are the prime factors of r(p)?
5
Let t = 900 - 400. List the prime factors of t.
2, 5
Let p = -8 - -3. Let b = p + 9. Suppose -b*q + 2*q + 14 = 0. What are the prime factors of q?
7
Suppose -10310 = -12*t + 2434. What are the prime factors of t?
2, 3, 59
Let f = 3137 - -870. List the prime factors of f.
4007
Suppose -5*w = -4*s - 443, -8 = 5*s - s. Suppose -w = 5*m - 12. List the prime factors of 12/m + (-508)/(-10).
2, 5
Suppose 0*t = -2*t - 2*t. Suppose 7*c - 2*c - 510 = t. List the prime factors of c.
2, 3, 17
Suppose y - 4 = 0, -5*z - 4*y - 175 - 99 = 0. Let b = 62 + z. What are the prime factors of b?
2
Let r be 183/4 - (-2)/8. Let x = -84 + r. Let v = 57 + x. List the prime factors of v.
19
Let r(u) = 12 + 6*u - u**2 + 4*u + 2*u**2 - 3*u. Let s be r(-10). Suppose -46 = -4*d + s. What are the prime factors of d?
2, 11
Suppose -5*q + 21110 + 10350 = 0. What are the prime factors of q?
2, 11, 13
List the prime factors of (-1)/2 + (-100968)/(-112).
17, 53
Let t(r) = -2*r + 11. Let b be t(0). Suppose -2*y = -3*h + 5 + b, -15 = 5*h + 5*y. Suppose 4*z + h*s - 32 = 48, 2*z - 64 = 5*s. What are the prime factors of z?
2, 11
Let m(w) = 12*w - 62. What are the prime factors of m(27)?
2, 131
Suppose -4*x = o + 13 - 0, -2*o - 3*x - 6 = 0. Suppose 5*q - 202 = -o*i + 101, -q = i - 61. What are the prime factors of q?
2, 3, 5
Suppose -6*d + 0*d = -234. Let z = d - 14. What are the prime factors of z?
5
Let q(f) be the first derivative of -f**3/3 - 7*f**2 + 22*f - 16. What are the prime factors of q(-14)?
2, 11
Suppose -7*z + 2*z + 100 = w, 31 = z - 2*w. Let d = 26 - z. Suppose 267 = d*r + f, r + 2*f = 33 + 15. What are the prime factors of r?
2, 3
Let x = -34 + 34. Suppose x = 4*g, 4*o - 172 = 2*g - 3*g. List the prime factors of o.
43
Let o(a) = 3*a - 2*a + 2 + 6. Suppose 3*t - 4*t + 13 = 2*i, 0 = 3*i + 2*t - 20. What are the prime factors of o(i)?
2, 7
Suppose 0 = -j - 4, 13*c = 18*c + 3*j - 3073. What are the prime factors of c?
617
Let i = -11 - -3. Let v be 7 + i + 3*1. Suppose 6*s - 94 = -2*d + 4*s, 5*s + 94 = v*d. List the prime factors of d.
47
Let m(h) = h**2 - h - 2. Let w be m(-2). Suppose -5*t + w*t + 27 = 0. Suppose -r = -4*o + t, -r + 4*r + 15 = o. List the prime factors of o.
2, 3
Let d = -227 + 329. What are the prime factors of d?
2, 3, 17
Suppose -14*r = r - 3555. List the prime factors of r.
3, 79
Let d be ((-5)/6)/(2/(-12)). Suppose 0 = d*g - 22 - 68. List the prime factors of (-1484)/(-36) + (-4)/g.
41
Suppose -733 = -b + 5*h, -1487 = -3*b + b + 3*h. What are the prime factors of b?
2, 11, 17
Suppose 5 = t - 0. Let u(g) = 7*g - 23. Let l be u(5). Let x = l - t. What are the prime factors of x?
7
Let r(a) = 24*a**2 + 10*a + 26. List the prime factors of r(-11).
2, 3, 5, 47
Let s = 1 + 20. Let q = s + -19. Suppose 4*l = 5*o - 65, -q*l = -3*o + l + 42. List the prime factors of o.
3
Let v be (-4)/26 + 93/13. Let b(u) = -2*u - 11. Let a be b(-7). Let i = v + a. What are the prime factors of i?
2, 5
Let z = 675 - 395. List the prime factors of z.
2, 5, 7
Suppose 5*w - 2085 = 3*z, w + 70 = 4*z + 470. What are the prime factors of w?
2, 3, 5, 7
Suppose -23*z + 72988 = 8404. List the prime factors of z.
2, 3, 13
Let h(s) = s**3 - 23*s**2 + 32*s - 139. What are the prime factors of h(23)?
3, 199
Suppose 20*u = 25*u - 690. List the prime factors of u.
2, 3, 23
Let a = -236 + 1081. What are the prime factors of a?
5, 13
Let v(i) = -4*i + 4. Suppose -5*z = -z + 16. Let b be v(z). Suppose 3*h - 50 = -j, 4*j = 5*h - b - 35. What are the prime factors of h?
3, 5
Suppose 0 = 5*n - g - 921, 0*g = 3*n - 4*g - 539. Suppose f = -1, 3*v = -f - 3*f + n. List the prime factors of v.
3, 7
Suppose 2*y - 1505 = -8*q + 7*q, q - 1507 = -3*y. What are the prime factors of q?
19, 79
Suppose 5155 + 577 = 4*d. List the prime factors of d.
1433
Let g = 2044 + -1000. Suppose -8*j + g = -2*j. List the prime factors of j.
2, 3, 29
Suppose 29*b + 8566 = 35246. List the prime factors of b.
2, 5, 23
Let o(c) be the third derivative of 1/120*c**6 - 2/15*c**5 - 10*c**2 - 1/3*c**3 + 0*c + 0 - 7/12*c**4. List the prime factors of o(10).
2, 29
Let h = 76 + -64. Suppose -5*g + 8 = f - h, -g = -3. List the prime factors of f.
5
Let g = 3 + 150. Suppose -3*v + 0*v + g = 0. What are the prime factors of v?
3, 17
Let p(a) = a + 6. Suppose 21 = 5*y + 2*i - 1, 4*y = -2*i + 18. Suppose 0 - 12 = -y*n. List the prime factors of p(n).
3
Let q(u) = -u**3 - 9*u**2 + 5*u - 19. What are the prime factors of q(-12)?
353
Let g(o) = o + 4. Let n(f) = f**2 + 6*f - 4. Let k be n(-4). Let w = k + 16. What are the prime factors of g(w)?
2
Let c(w) = -8*w - 16. Let v be c(-8). Suppose v - 141 = 3*x. Let l = x + 59. What are the prime factors of l?
2, 7
Let o = 17 - 36. Suppose 16 = 2*t - 6*t. Let f = t - o. List the prime factors of f.
3, 5
Suppose -t = -2*m - 70, -3*m + 3*t = 2*t + 103. Suppose 5*f - 4*c - 289 = 133, 0 = f - 3*c - 80. Let w = m + f. What are the prime factors of w?
53
Let v = 2444 + 29. What are the prime factors of v?
2473
Let m = -20 - -16. Let a be (-42)/m*36/21. Let o = a - 1. List the prime factors of o.
17
Suppose 37*o + 15742 = 54*o. What are the prime factors of o?
2, 463
Let f(d) = 2*d**2 - 10*d + 2. Let x be f(5). Suppose -3*j = -3, j + 281 = x*l + 2*j. What are the prime factors of l?
2, 5, 7
Let o = 14 + 0. Let m = o - -25. What are the prime factors of m?
3, 13
Suppose -4*w - 4211 = -3*y, -y - 90 = -4*w - 1491. List the prime factors of y.
5, 281
Let l(r) = -r**3 + 3*r**2 - 4*r. Let u be (-21)/(-12) - 5/(-20). Let a be l(u). What are the prime factors of (-145)/10*a/2?
29
Suppose 26*w - 30*w = -1000. What are the prime factors of w?
2, 5
Let a = 23 - 10. Suppose -a*f + 404 = -9*f. Suppose 5*p - 130 = -5*s, -5*s + f = -2*p - 36. List the prime factors of s.
3
Suppose -10 = 9*t + 26. List the prime factors of (19 - -1)/t - -289.
2, 71
Let o(g) = 3 - 2*g**2 - 23 + 0 - 24*g + g**2. List the prime factors of o(-21).
43
Suppose -6*n + 8*n - 112 = 0. What are the prime factors of n?
2, 7
Let c = -7 + 12. Suppose -3*n - c*f = -10*f + 97, 3*n - f + 77 = 0. Let b = n + 86. What are the prime factors of b?
2, 31
Let a = 283 - 71. List the prime factors of a.
2, 53
Let j(x) = -x**3 + 4*x**2 - x + 2. Let n be j(3). Let i = 14 - n. Let u = i + -3. List the prime factors of u.
3
Suppose 3*f = -2*k - 0*k + 360, 0 = -4*f + k + 491. Suppose 21 = 3*u - 3. List the prime factors of 4/u - f/(-4).
31
Let z(x) = -x**3 - x**2 - x - 98. Let u be z(0). Let d = u - -297. What are the prime factors of d?
199
Let p = -112 + 16. List the prime factors of p/24 - 15*-5.
71
Suppose 4*z + 9 - 25 = 0. Let p be (448/80)/(z/90). Suppose 3*h + 85 = 2*x, p = 3*x + h + 26. What are the prime factors of x?
5, 7
Let d be (-6)/(-10) + 0 + 266/190. Suppose d*h + t + 0*t - 315 = 0, -5*h = 3*t - 786. What are the prime factors of h?
3, 53
Let q = -494 + 959. Suppose -4*b - 2*h + 229 + 167 = 0, 5*b - 5*h - q = 0. List the prime factors of b.
97
Suppose -y + 4110 = -r, -17*y + 15*y = -3*r - 8222. What are the prime factors of y?
2, 13, 79
Suppose 3*j + 4*h - 181 = 0, -3*h 